3 - 15*h**2 - 36*h + 33. Give m(17).
-1
Let k(d) = d**3 + 7*d**2 - 11*d - 9. Calculate k(-8).
15
Let z(v) = 2*v**3 - 6*v**2 - 12*v + 10. Give z(4).
-6
Let p(g) = -3*g**2 + 2*g + 3. What is p(2)?
-5
Let m(q) = 14*q - 33. Determine m(6).
51
Let k(b) = -b**2 - 25*b - 114. Give k(-20).
-14
Let l(g) = -g**3 - 6*g**2 - g + 3. Calculate l(-5).
-17
Let k(j) = 3*j - 96. Determine k(25).
-21
Let c(l) = -l**3 + 15*l**2 - 27*l + 17. What is c(13)?
4
Let i(g) = -g - 4. Calculate i(1).
-5
Let f(h) = h**3 + 17*h**2 + 17*h - 2. Give f(-16).
-18
Let x(m) = -2*m**2 + 25*m - 9. What is x(12)?
3
Let m(y) = 2*y**2 - 38*y + 2. Give m(19).
2
Let o(s) = s**2 + s + 8. What is o(8)?
80
Let r(u) = u**2 + 7*u - 6. What is r(-7)?
-6
Let k(i) = -4*i - 101. Calculate k(-26).
3
Let h(x) = x - 12. Calculate h(6).
-6
Let r(g) = g**2 - 19*g + 62. What is r(9)?
-28
Let o(m) = m**3 - 8*m**2 - 3*m + 10. Calculate o(8).
-14
Let s(f) = 13*f - 49. Determine s(4).
3
Let k(o) = o**2 - 4*o + 94. What is k(0)?
94
Let w(o) = o**2 + 12*o + 4. Give w(-10).
-16
Let r(y) = -3*y + 14. What is r(3)?
5
Let z(t) = -t**2 + 10*t + 11. What is z(5)?
36
Let s(d) = -d**3 - 3*d**2 - 5*d - 8. Determine s(-3).
7
Let j(g) = 5*g - 56. Give j(20).
44
Let y(l) = 5*l**3 - l - 2. What is y(-1)?
-6
Let g(t) = -15*t**2 - t + 2. Give g(-2).
-56
Let l(z) = 3*z**2 + 107*z - 63. What is l(-36)?
-27
Let i(c) = -2*c**3 - 60*c**2 - 58*c + 5. Calculate i(-29).
5
Let l(m) = -2*m**3 - 2*m**2 + 2*m + 4. Give l(-2).
8
Let k(f) = -3*f + 28. What is k(-16)?
76
Let u(l) = -l**2 - 18*l - 32. What is u(-14)?
24
Let t(z) = z**3 + 6*z**2 + 8*z. Determine t(-4).
0
Let d(o) = -4*o + 29. Calculate d(6).
5
Let c(k) = -k**3 + 13*k**2 + 33*k - 24. Calculate c(15).
21
Let k(a) = 61*a + 115. Calculate k(-2).
-7
Let q(o) = 5*o**2 + 2*o. Calculate q(-2).
16
Let n(u) = -u**2 - 5*u - 9. Give n(-6).
-15
Let a(s) = 34*s + 2. Calculate a(-2).
-66
Let m(d) = d - 12. What is m(13)?
1
Let f(u) = u - 66. Give f(32).
-34
Let w(v) = v**3 + v**2 - 5*v + 1. Determine w(2).
3
Let l(k) = 2*k**2 + 27*k + 12. Determine l(-13).
-1
Let u(y) = y**3 + y**2 + y - 5. What is u(-3)?
-26
Let q(t) = -t**3 - 19*t**2 - 92*t - 12. Determine q(-9).
6
Let c(w) = w**3 - 5*w**2 - w - 4. Calculate c(4).
-24
Let m(y) = -y**3 - 7*y**2 + 77*y - 10. Determine m(-13).
3
Let w(l) = -l**3 - 10*l**2 + 13*l + 17. Determine w(-11).
-5
Let n(b) = -b**2 + 28*b + 88. Determine n(31).
-5
Let b(a) = a**2 + 70*a + 479. What is b(-8)?
-17
Let o(j) = j**3 - 3*j**2 - 11*j + 33. Give o(4).
5
Let a(n) = n**3 + 8*n**2 - 20*n + 7. What is a(-10)?
7
Let i(z) = z**3 + 6*z**2 - 112*z + 2. Calculate i(-14).
2
Let r(g) = g + 20. What is r(-22)?
-2
Let z(r) = r**2 - 13*r - 46. Calculate z(16).
2
Let j(m) = -129*m - 645. Calculate j(-5).
0
Let u(f) = f**2 + 4*f + 75. Give u(0).
75
Let s(h) = -h**2 + 4*h + 5. Give s(4).
5
Let p(i) = -i**2 + 7*i + 2. What is p(6)?
8
Let p(u) = -2*u**2 - 27*u + 49. What is p(-15)?
4
Let z(w) = w**2 + 14*w + 1. What is z(-15)?
16
Let s(j) = -j**3 + 11*j**2 + j - 11. Calculate s(11).
0
Let z(g) = -g**2 - g - 7. Determine z(0).
-7
Let a(m) = -m**3 - 6*m**2 + 4*m - 24. Calculate a(-7).
-3
Let k(p) = 2*p**3 - 12*p**2 + 4*p + 7. Determine k(5).
-23
Let s(f) = -49*f - 296. Give s(-6).
-2
Let g(r) = r**3 + 63*r**2 - 200*r - 134. Determine g(-66).
-2
Let r(g) = g**2 + 7*g - 4. Determine r(-6).
-10
Let z(c) = 5*c + 7. Determine z(8).
47
Let m(w) = -34*w + 6. Determine m(-1).
40
Let l(j) = 10*j. What is l(3)?
30
Let z(j) = -j**3 + 25*j**2 - 66*j + 7. What is z(22)?
7
Let l(k) = -k**3 + 7*k**2 + 2*k + 3. Give l(4).
59
Let i(r) = -3*r**2 + 2*r - 6. What is i(2)?
-14
Let y(g) = 12*g - 65. Determine y(8).
31
Let f(y) = -5*y - 1. Calculate f(-1).
4
Let c(m) = -2*m + 8. Calculate c(-4).
16
Let k(w) = -w**3 - 19*w**2 + 42*w. Give k(-21).
0
Let d(a) = a**2 + 2*a - 13. Determine d(-6).
11
Let g(z) = z**3 + 10*z**2 + 3*z + 34. Calculate g(-10).
4
Let n(t) = -6*t**3 - 2*t**2 + 2. Determine n(-1).
6
Let b(k) = k + 14. Calculate b(8).
22
Let d(z) = -3*z + 37. Give d(14).
-5
Let g(y) = -10*y + 1. What is g(-5)?
51
Let n(u) = -4*u + 176. Determine n(46).
-8
Let q(n) = -n**3 + 8*n**2 + 4*n - 19. What is q(8)?
13
Let i(p) = -13*p - 148. Give i(-11).
-5
Let h(t) = 7*t**2 - 122*t + 120. What is h(1)?
5
Let s(q) = q**3 + 5*q**2 - 6*q + 5. Calculate s(-6).
5
Let f(h) = -h**3 - 9*h**2 - 20*h - 15. Calculate f(-6).
-3
Let x(q) = -q**3 + 6*q**2 - 5*q + 3. Determine x(3).
15
Let a(g) = -g**3 - 6*g**2 + 18*g + 2. Give a(-8).
-14
Let u(o) = 5*o + 9. Calculate u(-3).
-6
Let m(l) = 20*l - 5. Calculate m(-4).
-85
Let f(h) = h - 20. Determine f(19).
-1
Let b(p) = -2*p**3 + 2*p + 4. Calculate b(0).
4
Let u(h) = -h**2 + 16*h - 41. Give u(12).
7
Let a(m) = -20*m - 222. Give a(-12).
18
Let p(o) = -o**3 - 2*o**2 + 2*o + 4. Calculate p(-3).
7
Let j(l) = -71*l + 565. Determine j(8).
-3
Let f(j) = -7*j + 33. Calculate f(-14).
131
Let f(i) = -2*i + 47. What is f(-15)?
77
Let j(p) = p**3 - 32*p**2 + 2*p - 63. What is j(32)?
1
Let c(i) = 3*i**3 + 13*i**2 + 4*i + 3. Determine c(-4).
3
Let k(o) = -5*o + 97. Give k(18).
7
Let n(w) = -5*w - 132. Give n(-22).
-22
Let s(m) = -m**2 - 14*m + 15. Determine s(-16).
-17
Let a(h) = h**2 + 5*h + 3. Give a(-5).
3
Let g(v) = 9*v + 9. What is g(-3)?
-18
Let d(y) = -17*y**2 - 3*y - 2. Calculate d(-1).
-16
Let j(w) = -w**2 - 4*w + 8. Calculate j(-12).
-88
Let g(l) = l**3 - l - 18. Calculate g(0).
-18
Let f(a) = 6*a + 22. Give f(-20).
-98
Let r(j) = 2*j**2 - 129*j + 198. What is r(63)?
9
Let p(g) = -g**3 - 13*g**2 - 11*g + 26. What is p(-12)?
14
Let g(j) = j**2 - 12*j + 30. Give g(9).
3
Let f(m) = -2*m**2 - m + 9. What is f(-4)?
-19
Let d(q) = -q**2 - 8*q - 10. What is d(-11)?
-43
Let t(u) = -u**3 - 2*u**2 - 11*u - 18. Calculate t(-2).
4
Let v(y) = 5*y - 6. Calculate v(2).
4
Let w(q) = q**2 - 4*q - 6. Give w(5).
-1
Let a(i) = i**3 - 6*i**2 - 3*i + 10. Give a(7).
38
Let t(f) = -f**3 - 5*f**2 + 5*f. Determine t(-6).
6
Let p(z) = -z**3 - 5*z**2 - z - 4. Give p(-5).
1
Let j(d) = -d**2 - 5*d - 6. What is j(-4)?
-2
Let n(f) = -f - 4. Calculate n(-8).
4
Let d(o) = -o**3 + 18*o**2 - 17*o - 4. Determine d(17).
-4
Let p(w) = 3*w**2 - 9*w + 1. Calculate p(2).
-5
Let j(v) = v**3 - 21*v**2 + 53*v + 20. Give j(18).
2
Let v(h) = 5*h**2 - 22*h - 17. Give v(5).
-2
Let s(r) = -2*r**3 + 62*r**2 + 65*r - 39. What is s(32)?
-7
Let a(j) = 15*j**2 - 2*j - 2. What is a(-1)?
15
Let p(c) = -106*c + 850. Determine p(8).
2
Let a(t) = -t**3 - 12*t**2 + t - 15. What is a(-12)?
-27
Let o(t) = 21*t - 94. Give o(4).
-10
Let r(u) = 28*u**3 + 2*u**2 + 2*u + 1. Calculate r(-1).
-27
Let r(w) = -w**2 - 10*w - 15. Give r(-5).
10
Let s(f) = -3*f**2 - 12*f - 5. Calculate s(-3).
4
Let g(h) = h**3 - 9*h**2 + 13*h - 17. What is g(8)?
23
Let g(p) = -36*p - 39. Determine g(-3).
69
Let l(a) = -a**3 - 19*a**2 + a + 7. Give l(-19).
-12
Let u(y) = -y**2 - 25*y - 38. What is u(-20)?
62
Let j(k) = -2*k**3 - 17*k**2 + 8*k - 13. Determine j(-9).
-4
Let k(g) = -2*g**2 - 8*g + 1. Determine k(-5).
-9
Let r(a) = -6*a + 9. Give r(-7).
51
Let z(a) = -a**3 - 2*a**2 + 5*a + 4. Determine z(-3).
-2
Let m(c) = c**3 + 6*c**2 + 10. Determine m(-6).
10
Let m(y) = 3*y - 13. What is m(11)?
20
Let x(n) = -44*n - 219. Give x(-6).
45
Let v(x) = 4*x**3 - 2*x**2 + 4*x - 3. Give v(2).
29
Let i(a) = -a**2 - 3*a + 14. What is i(-6)?
-4
Let x(u) = -u**3 - 14*u**2 + 119*u + 10. What is x(6)?
4
Let v(q) = -q**2 - 49*q + 148. Give v(3).
-8
Let f(v) = 7*v**2 + 18*v + 8. Determine f(-3).
17
Let v(j) = j - 13. Give v(19).
6
Let r(t) = t - 12. Give r(6).
-6
Let h(f) = f**3 + 5*f**2 + 2*f + 5. Calculate h(-5).
-5
Let p(t) = 6*t - 3. Give p(-4).
-27
Let a(g) = g**3 - 11*g**2 + 2*g + 84. Calculate a(10).
4
Let m(h) = h**2 - 3*h - 8. Calculate m(7).
20
Let o(w) = -4*w - 2. Calculate o(-4).
14
Let n(u) = u**2 + 2*u + 4. Give n(-4).
12
Let g(a) = a**3 + a**2 - 2*a - 1. What is g(0)?
-1
Let f(t) = -34*t + 11. What is f(2)?
-57
Let m(u) = 3*u**2 + 4*u - 4. Determine m(1).
3
Let g(j) = -2*j**2 - 5*j - 2. Calculate g(-3).
-5
Let a(l) = 2*l**3 - l**2 + 3*l - 3. Give a(2).
15
Let r(q) = -q**2 - 6*q - 13. Calculate r(-6).
-13
Let w(n) = -4*n**3 - 2*n**2 - 2. Calculate w(-2).
22
Let i(u) = -u**3 + 4*u**2 - 3*u + 5. What is i(4)?
-7
Let d(v) = -v**3 + 15*v**2 + 36*v - 7. Give d(17).
27
L